 - 7 = -1. What is the units digit of y?
2
Let l = 217 - 40. What is the tens digit of l?
7
Let h(m) = 2*m - 3*m**2 + 0*m + 6*m**3 + 4*m**3 - 1 + m**2. What is the units digit of h(1)?
9
Let n(o) be the first derivative of 1/4*o**4 + 0*o + 3/2*o**2 - 3 + 5/3*o**3. What is the units digit of n(-3)?
9
Suppose 2*i - 78 = -i - 4*k, -3*k = 0. What is the units digit of i?
6
Let f = 88 - -39. What is the units digit of f?
7
What is the hundreds digit of (140 - 0) + 4 - (0 + -1)?
1
Let p = 31 - -7. What is the tens digit of p?
3
Let o(k) = 10*k**2 + 4 - k - 7*k + k**3 - 2*k**3 + 0*k. What is the tens digit of o(9)?
1
Let r = 6 - 4. Suppose 5*q - 35 = 5*v, -18 - 2 = -r*q + 4*v. Suppose w + 1 = 2*w + 3*n, -w - q*n - 3 = 0. What is the tens digit of w?
1
Suppose -g - 20 = -5*g. Let n(p) = p**3 - 6*p**2 + 12*p. What is the tens digit of n(g)?
3
Let x(f) = -5*f - 8. Let z = -8 + 1. What is the units digit of x(z)?
7
Suppose 4*a + 5*t - 11 - 11 = 0, 0 = 3*t - 6. Suppose -3*s + 8 = x, 3*s - 4*s - a*x = 8. What is the units digit of s?
4
Suppose 2*p - 2*n + 20 = 2*n, p - 3*n = -10. What is the units digit of (-882)/(-45) - 4/p?
0
Suppose 140 = 6*k - 2*k. Let m = -16 + k. What is the tens digit of m?
1
Let u = 220 - 91. What is the units digit of u?
9
Let w = 460 + -183. What is the tens digit of w?
7
Suppose -4*k = -6*k + 4. Suppose 5*i - 5*w = 190, 0 = -4*i + k*i - 2*w + 72. What is the units digit of i?
7
Let u(p) = p**2 - p - 2. Let b be u(2). Let z be 4 + b + 14/7. Suppose -2*l + z = 2*d, -d + 4*l + l = 3. What is the units digit of d?
2
Suppose 35 = 4*f + 11. Let h(k) = k**3 - 6*k**2 + 4. Let z be h(f). Suppose v - 5*s - 6 = -1, z*v - 4*s = 36. What is the units digit of v?
0
Let l(g) = 2*g + 36. What is the units digit of l(7)?
0
Let t = 64 + -39. What is the tens digit of t?
2
Let x(y) = y**3 + 11*y**2 + 11*y - 5. Let i be x(-10). Let m = i + 29. What is the tens digit of m?
1
Suppose q = -3*q + 12. Suppose -2*m + 25 = q*m. Suppose -m*t + 8 = -t. What is the units digit of t?
2
Let d = 115 - 39. Suppose -4*h + 40 = -d. What is the units digit of h?
9
Let j = -7 + 1. What is the units digit of 19*1 + j/(-6)?
0
Let h be 1/5 - (-9)/5. Suppose -i + 21 + 6 = h*d, 4*d + 79 = 5*i. What is the units digit of i?
9
Let g(j) = j**2 + j + 2*j - 2*j - 4. What is the units digit of g(-3)?
2
Let f = 18 + -3. Suppose -3*y + 8*y - f = 0. Suppose -y*w = w - 32. What is the units digit of w?
8
Suppose 0 = -t - t + 18. Suppose 6*c - t = 3*c. Suppose 4*k - c*d - 44 = 0, 2*d - 6*d + 30 = k. What is the units digit of k?
4
Let v(y) = -y + 8. Let a be v(0). Let c = a - 13. Let p(m) = m**3 + 4*m**2 - 6*m + 1. What is the units digit of p(c)?
6
What is the units digit of -2 + (-39)/(-2)*(7 + -5)?
7
Let n(b) = b**2 + 19. Suppose 2*w = -2*w. What is the tens digit of n(w)?
1
Let s = 11 + -7. What is the units digit of s?
4
Let j = -2 - -4. Suppose 0 = j*r - 3*r + 4. Suppose d + 3 = r*d. What is the units digit of d?
1
Let j(f) = -8*f - 1. Let v be ((-1 + 1)/1)/2. Suppose v*w = 5*w + 10. What is the tens digit of j(w)?
1
Let x(r) = 21*r**2 - 3*r + 4. What is the tens digit of x(2)?
8
Suppose 0 = -0*h + 4*h. Suppose h = 2*a + 3*u, -3*u = 3*a - 5*u - 13. What is the units digit of a?
3
Let p(g) = -41*g - 58. What is the hundreds digit of p(-8)?
2
Suppose -255 = k - 4*k. Suppose k + 63 = 4*s. Let r = -22 + s. What is the units digit of r?
5
Let v(o) = 6*o**2 + 7*o - 2. Let l be v(-5). Suppose -5*w + 4*p + l = 0, 0*w - 34 = -w - 3*p. What is the units digit of w?
5
Suppose m - 2 + 0 = 0. Suppose m*d + d = 48. What is the units digit of d?
6
Let t(n) = -3*n. Let b be t(-2). Let d = 1 + b. What is the units digit of d?
7
Suppose z + 0*z - 3*l - 52 = 0, 74 = 2*z + 4*l. Let k = z + -17. What is the units digit of k?
6
Suppose 8*o = 11*o - 87. What is the units digit of o?
9
Let v(f) = -3*f**3 - 5*f**2 + f - 5. What is the tens digit of v(-4)?
0
Let x = 90 - -37. What is the hundreds digit of x?
1
Let n = -13 + 16. Suppose 2*o - 4 = -0*o. Suppose -n = -o*v - 1. What is the units digit of v?
1
Let s = 201 - 96. What is the hundreds digit of s?
1
Let i be ((-8)/(-6) + -3)*-21. Let q be i - (-6)/2 - 3. Let c = q + -13. What is the units digit of c?
2
Let g be ((-4)/(-10))/((-1)/5). Let f be g/(-2)*(-1 - 0). Let i = 0 - f. What is the units digit of i?
1
Suppose 0 = 4*y + 3*p - 417, 0*y + 219 = 2*y + 5*p. What is the hundreds digit of y?
1
Let v = -5 + 9. Suppose v*b - 5 = -h, 4*h - 3*b + b = 74. What is the units digit of h?
7
Let d = 4 - 6. Let c be 800/36 - d/(-9). Suppose -12 = 3*w, 0 = 2*f + 2*w - 4*w - c. What is the units digit of f?
7
Let g = -250 - -456. What is the units digit of g?
6
What is the hundreds digit of 405/2 + 3/(-6)?
2
Let t = 10 - 5. Let v(g) = g - 2. What is the units digit of v(t)?
3
Let s = 6 + -6. Suppose 0 = 3*c - y - 4, -3 = 4*c - s*c - 3*y. What is the units digit of c?
3
Let v be 172/36 + 10/45. Suppose v*f + 4*s - 69 = 0, -5*s + s = -2*f + 22. What is the tens digit of f?
1
Suppose 5*a + 67 - 8 = 4*x, 3*x = 3*a + 42. What is the tens digit of x?
1
Let h be (-2)/(-8) + 1310/40. Suppose -6*x + x = -2*f + h, -3*f - 2*x = -97. What is the tens digit of f?
2
Let s(q) = -q**2 - 3*q + 1. Let x = 3 - 9. Let m = -9 - x. What is the units digit of s(m)?
1
Let t(s) be the third derivative of -s**6/120 + 5*s**4/24 - s**3/2 + s**2. What is the units digit of t(-4)?
1
Let b be ((-2)/(-4))/((-1)/(-2)). Let v = b + 2. Suppose -y - 2 = -v. What is the units digit of y?
1
Let p(k) = -k**2 - 20*k + 34. What is the units digit of p(-14)?
8
Let f = 29 - 43. Let w = -32 + -14. What is the units digit of (-4)/14 + w/f?
3
Let g be 4 + (-2)/(2 - 0). Suppose -2*f + 5*z = -62, 2*z = -g*f + f + 34. What is the tens digit of f?
2
Let c(w) = 21*w - 1. Let r be c(1). What is the units digit of 676/r - 2/(-10)?
4
Suppose -4*q + 16 = -0*q. What is the units digit of (1 + 0)/(q/12)?
3
Suppose -3*h + 47 = 4*f, -3*f = h - 3*h - 31. Suppose 5*m - 4*z = -7 - 3, 3*z + 6 = -3*m. Let n = m + f. What is the units digit of n?
9
Suppose -6*f + 4*f = 4*v - 1360, -v = 5*f - 340. What is the units digit of v?
0
Suppose 0*x + x = 0. Suppose 2*t - 2*z - 44 = x, -4*t - 5*z + 48 = -z. Suppose 0 = -3*p + t + 7. What is the units digit of p?
8
Let y be (-3)/(-2)*20/6. Let b = y - 10. Let o = b + 8. What is the units digit of o?
3
Let x be (-28)/(-12) + (-4)/(-6). Let d be 0 - (-1 - (-6)/x). What is the units digit of (-66)/(-4) + d/2?
6
Suppose 0 = k - 3*k + 12. Let i = k + -5. What is the units digit of i?
1
Suppose -5*k + 600 = -4*i, 15 = 5*i + 40. What is the tens digit of k?
1
Let k(j) = -2*j - 1. Let w be k(-2). Suppose w*p - 5*p = -26. What is the units digit of p?
3
Suppose 0 = -5*o - p + 23, 5*p - p = 3*o. Suppose o = 4*c - 0. What is the units digit of ((-6)/(-4) - c)*2?
1
Let a(t) = 0*t**2 - 4*t**2 - 5 - 2*t**2 + 5*t**2 + 9*t. What is the units digit of a(7)?
9
Let m(b) = 7*b - 2. Let t(w) = 20*w - 7. Let a(p) = 17*m(p) - 6*t(p). Let x be a(6). What is the units digit of (-3 + x - 1)*-5?
0
Let g = -9 + 6. Let z = g + -2. Let k = z + 9. What is the units digit of k?
4
Suppose 0 = -5*k - 4*n + 14, -3*k + 4*n = 10 - 44. Let s = 0 + k. What is the units digit of 33/s - (-2)/4?
6
Let h(o) = 19*o**2 - o. Let j = 8 + -8. Suppose j = n - 5*n - 4. What is the units digit of h(n)?
0
What is the hundreds digit of (-70)/42 - (-467)/3?
1
Suppose m + 16 = 5*i, -4*m = -3*m + 5*i - 24. Let f(n) = -2*n - n + m*n + 7. What is the units digit of f(0)?
7
Suppose -z - 2*z + s = -2, -4 = 2*z + 2*s. Suppose z = 5*n - n - 20. What is the units digit of n?
5
Let t(v) = -v**2 + 8*v - 9. What is the units digit of t(5)?
6
What is the units digit of (-1550)/(-65) - 4/(-26)?
4
Suppose 2*i - 3 - 4 = -3*r, 5*r + i = 21. What is the units digit of r?
5
Let g(n) = n**3 - n**2. Suppose -4*c + 9 = 1. Let m be g(c). Suppose -m*t + 2*j + 22 = 0, -4*j = -8 - 4. What is the units digit of t?
7
Suppose 1059 = -28*a + 31*a. What is the units digit of a?
3
Suppose b - 3*j + 16 = 4, -3*b - 5*j = -34. Suppose 32 = b*q + q. What is the units digit of q?
8
Suppose 0 = -o + 3*o - 2, 0 = 5*c + 4*o - 44. Suppose -l = -c - 12. What is the units digit of 16/l - (-2)/10?
1
Suppose 0 = 2*s - 7*s. Suppose s = 4*h - 104 + 4. What is the tens digit of 